**3/3 - 3*o - 3. Suppose 14 = k - 2*n, -k + 8 + 4 = -n. What is the remainder when k is divided by v(3)?
4
Calculate the remainder when 85 is divided by (-3 - 111/(-15))/(8/40).
19
Let t = -113 + 143. What is the remainder when t is divided by 4?
2
Let j be 1/((-1)/(-2)) - -1. Suppose -j*i = 2*i - 25. Suppose -4*t = -3*q + 101, 2*t - 161 = -i*q + 5*t. Calculate the remainder when q is divided by 16.
15
Let i = -3 - -10. Let k(f) = f**2 - 6*f - 2. Calculate the remainder when 8 is divided by k(i).
3
Suppose 0*a - a + 8 = 0. Let r be (a - 5)/(2/2). Let h = r + 0. Calculate the remainder when 5 is divided by h.
2
Suppose 5*w - 18 - 27 = 0. What is the remainder when 21 is divided by w?
3
Let m(t) = -t**2 + 2*t - 2. Let a = -9 + 16. Let r be m(a). What is the remainder when r*(0/(-2) + -1) is divided by 19?
18
Let d = 30 + -15. Suppose -3*j - 141 = 3*w, 2*w + 4 = w. What is the remainder when 0*3/6 - j is divided by d?
13
Let a(v) = v - 7. Let m(y) = -3*y + 14. Let j(f) = -5*a(f) - 3*m(f). Let t = 65 - 41. Calculate the remainder when t is divided by j(5).
11
Let u be ((-4)/12)/((-2)/42). Suppose -u*p + 2*p = -65. What is the remainder when p is divided by 7?
6
Suppose 4*b = -4*l + 32, 0 = 5*l - 6*b + b - 90. Suppose 2*q - 5 = l. Calculate the remainder when 26 is divided by q.
8
Let h = -68 - -92. What is the remainder when 66 is divided by h?
18
Let s(w) = 15*w**2 + 1. Let z(t) = -16*t + 7. Let o(g) = -16*g + 8. Let q(x) = 5*o(x) - 6*z(x). Calculate the remainder when q(2) is divided by s(1).
14
Let v(t) = -t + 3*t**3 - t + 2*t**2 - 2*t**3. Calculate the remainder when v(-2) is divided by ((-6)/5)/((-2)/5).
1
Let f = 121 + -77. Suppose l - f + 7 = 0. Calculate the remainder when l is divided by 19.
18
Suppose 7*g + 55 = 8*g. What is the remainder when g is divided by 7?
6
Suppose -x + 0*x = -102. What is the remainder when x is divided by 26?
24
Suppose 80 = 5*h + 15. What is the remainder when 38 is divided by h?
12
Let d = 48 + -3. What is the remainder when d is divided by (3*-1)/((-15)/80)?
13
What is the remainder when 108 is divided by (-2 - (-5)/3) + (-1265)/(-33)?
32
Let u(o) = -o**3 + 9*o - 7. What is the remainder when u(-4) is divided by 6?
3
Let i be (-1)/(-2 - 7/(-4)). Suppose v = i*w + 27, -2*v = -0*v + 2. Let o(k) = k**2 + 5*k + 9. Calculate the remainder when o(w) is divided by 8.
7
Let o(z) = 7*z**2 + 5*z - 3. Let c(m) = 8*m**2 + 5*m - 2. Let w(b) = -6*c(b) + 7*o(b). Calculate the remainder when 29 is divided by w(-8).
14
Suppose -4*i - 5*r = -7*r - 798, -3*i = -r - 601. What is the remainder when i is divided by 34?
32
Let y(m) = 6 - 18 - 3*m**2 + 2*m**2 - 13*m. What is the remainder when 69 is divided by y(-10)?
15
Suppose 0*s + l = -3*s + 65, -s + 43 = -5*l. Let u(w) = -w**3 + 10*w**2 + 3*w + 13. What is the remainder when u(10) is divided by s?
20
Let m(z) = -8*z - 38. Calculate the remainder when 69 is divided by m(-7).
15
Let j(b) = -b**2 + 117. What is the remainder when j(0) is divided by 24?
21
Suppose 2*y + 40 = 4*h, h = 3*h - 5*y - 28. Suppose r - 3*r = 12. Calculate the remainder when h is divided by (-2)/r*(-24)/(-2).
1
Let t = -203 + 293. What is the remainder when t is divided by 46?
44
Suppose -7*v = -0*v - 182. What is the remainder when 154 is divided by v?
24
Suppose 4 = -k + 16. Calculate the remainder when 33 is divided by k/((-5 - -3) + 3).
9
Let l = 131 + -78. Calculate the remainder when 99 is divided by l.
46
Suppose -m - 10 + 5 = 0, -33 = -4*x + m. What is the remainder when x is divided by 2?
1
Let a(h) = h**3 + 7*h**2 + h - 1. Let f be a(-7). Let y(v) = v - 5 - 4*v + v. What is the remainder when y(f) is divided by 6?
5
Let i(k) = -2*k - 16. Let q be i(16). Let p = -19 - q. What is the remainder when 86 is divided by p?
28
Let w be (-1)/2 - (-21)/6. Suppose -i - 27 = -3*h + 3, -2*i + 30 = w*h. What is the remainder when 19 is divided by h?
9
Let u(m) = m + 8. Let g be u(-6). Let y be g + -1 - (-1 + 0). Suppose -y*w + 14 = -28. What is the remainder when w is divided by 11?
10
Let n = 31 - 30. Suppose 3*q = -t + 2, -5*t - 7 = -q - q. Calculate the remainder when n is divided by (4 - 2) + (0 - q).
0
Let w(h) = -3*h**2 - 19*h - 2. What is the remainder when 31 is divided by w(-6)?
3
Let t(a) = -a**2 - 7*a - 5. Let f = -6 - -10. Let b = f - 8. Calculate the remainder when 13 is divided by t(b).
6
Let s = -16 - -29. Calculate the remainder when 23 is divided by s.
10
Let s(r) = r - 5. Let y be s(6). Suppose -u + 10 = y. Suppose -c + 5*c - 44 = -4*z, c = -3*z + 43. Calculate the remainder when z is divided by u.
7
Let c(w) = -w + 26. Let l(k) = -k**3 - 8*k**2 - 8*k + 4. Let r be l(-7). What is the remainder when 28 is divided by c(r)?
13
Let m(k) = -2 + 0 - 5 + 2 - 4*k. Calculate the remainder when 29 is divided by m(-5).
14
Let y be (1/(-3))/((-1)/9). Suppose -10 = -8*d + y*d. Calculate the remainder when 4/((4/6)/d) is divided by 7.
5
Suppose -5*i + 35 - 10 = 0. What is the remainder when (51/(-6))/((-1)/2) is divided by i?
2
Let o(f) = f + 2. Let r be (-5)/3*(6 + -12). Suppose -m + 3*m - r = 0. Calculate the remainder when m is divided by o(0).
1
Calculate the remainder when (2 - 1) + (18 - -8) is divided by 15.
12
Let p = -3 + 27. Let s = p + -12. What is the remainder when 35 is divided by s?
11
Calculate the remainder when ((-120)/(-9) + 0)*6/4 is divided by 13.
7
Suppose 11*l = 4*l + 175. Calculate the remainder when 96 is divided by l.
21
Let b(k) = -k**2 + 17*k + 2. Suppose 0*r - 1 = r - 3*a, 4*r + a = 61. What is the remainder when 1/((-2)/r)*-1 is divided by b(17)?
1
Suppose 0 = 4*q - 14 + 2. Suppose q*d = 2 + 1. Calculate the remainder when d is divided by 1.
0
Let d(l) = 2*l - 10. What is the remainder when 21 is divided by d(9)?
5
Suppose -g + 20 = 3*g. Let k be (-1 - 1) + 0/(-2). Let l = k + g. What is the remainder when 8 is divided by l?
2
Suppose 0 = 4*p + p - 95. What is the remainder when 9*6*1 - -2 is divided by p?
18
Let v be -12*(-1)/2*9. Suppose -3*o - 2 = -8, 3*r = -3*o - v. Let u = r + 33. What is the remainder when 38 is divided by u?
12
Let h be -3 + -57 + 0/(-1). What is the remainder when 34 is divided by h/(-6)*6/5?
10
Let y be -8 + (-1 - (1 - 2)). Let f = y + 24. Suppose -3*n + 14 = -4. Calculate the remainder when f is divided by n.
4
Let r = -33 - -58. Suppose 3*j - r = 5*d + 6, 0 = -d + 3*j - 11. Let p = 1 - d. Calculate the remainder when 17 is divided by p.
5
Suppose -5*b = 15 - 60. What is the remainder when 26 is divided by b?
8
Let o(q) = -7*q + 5. Calculate the remainder when o(-7) is divided by 19.
16
Let b(d) = -d + 2*d + d**2 + 2*d. Let q be b(-8). Suppose -4*j + 4 = -q. What is the remainder when 20 is divided by j?
9
Let h be 2 - (-51 + 4/(-2)). Suppose o - 4*t = h, 3*o + 5*t = 4*t + 178. Calculate the remainder when o is divided by 15.
14
Suppose -3*p + 0*p + 12 = 0. Suppose z = -2*w - w + 26, 24 = p*w - 4*z. Calculate the remainder when w is divided by 5.
3
Suppose -740 = -6*r + 772. What is the remainder when r is divided by 23?
22
Let i(t) = 1. Let u(a) = 3*a + 6. Let j(b) = -6*i(b) + u(b). What is the remainder when j(9) is divided by 15?
12
Let h = 4 + 3. Calculate the remainder when 16 - (-2 - (-2 - 0)) is divided by h - 2/(-8)*-4.
4
Let k be 0/((-3)/9*-3). Let m = -32 + 60. Suppose -3*i + 4*l + 32 = k, -3*i + m = -i + 4*l. What is the remainder when 34 is divided by i?
10
Calculate the remainder when (-4)/(-18) + (-2195)/(-45) + 0 is divided by 25.
24
Let b(x) = -x**3 - 5*x**2 + 2*x - 14. Calculate the remainder when 49 is divided by b(-6).
9
Suppose 2*y - 3*y + 5 = 0. Suppose 0 = -3*w + w - 6. Calculate the remainder when (w/3)/(2/(-16)) is divided by y.
3
Suppose -7 = -5*m + 3. Suppose 5*r = m*r + 6. Calculate the remainder when 5 is divided by r.
1
Let t = 122 + -69. What is the remainder when t is divided by 19?
15
Suppose -3*f + 46 + 26 = 0. What is the remainder when f is divided by 4?
0
Suppose i - 2*z - 33 = 0, 2*i - i - 30 = z. Let n = i + -15. Calculate the remainder when 21 is divided by n.
9
Suppose -5*l = 5*p - 10, 2*p + 8 = 4*l - 0. Calculate the remainder when 2/1 + (6 - 4) is divided by l.
0
Let a = -155 - -189. What is the remainder when a is divided by 24?
10
Suppose 416 = 5*l - 2*y, -176 = -2*l + 3*y + y. What is the remainder whe